[INFO] fetching crate reqwest-vcapra1-add-cookies 0.10.9...
[INFO] building reqwest-vcapra1-add-cookies-0.10.9 against master#ff34b919075f35a1787659e9c448a34b06bab8de for issue-85264
[INFO] extracting crate reqwest-vcapra1-add-cookies 0.10.9 into /workspace/builds/worker-9/source
[INFO] validating manifest of crates.io crate reqwest-vcapra1-add-cookies 0.10.9 on toolchain ff34b919075f35a1787659e9c448a34b06bab8de
[INFO] running `Command { std: "/workspace/cargo-home/bin/cargo" "+ff34b919075f35a1787659e9c448a34b06bab8de" "metadata" "--manifest-path" "Cargo.toml" "--no-deps", kill_on_drop: false }`
[INFO] started tweaking crates.io crate reqwest-vcapra1-add-cookies 0.10.9
[INFO] removed 0 missing examples
[INFO] removed 0 missing tests
[INFO] finished tweaking crates.io crate reqwest-vcapra1-add-cookies 0.10.9
[INFO] tweaked toml for crates.io crate reqwest-vcapra1-add-cookies 0.10.9 written to /workspace/builds/worker-9/source/Cargo.toml
[INFO] crate crates.io crate reqwest-vcapra1-add-cookies 0.10.9 already has a lockfile, it will not be regenerated
[INFO] running `Command { std: "/workspace/cargo-home/bin/cargo" "+ff34b919075f35a1787659e9c448a34b06bab8de" "fetch" "--manifest-path" "Cargo.toml", kill_on_drop: false }`
[INFO] running `Command { std: "docker" "create" "-v" "/var/lib/crater-agent-workspace/builds/worker-9/target:/opt/rustwide/target:rw,Z" "-v" "/var/lib/crater-agent-workspace/builds/worker-9/source:/opt/rustwide/workdir:ro,Z" "-v" "/var/lib/crater-agent-workspace/cargo-home:/opt/rustwide/cargo-home:ro,Z" "-v" "/var/lib/crater-agent-workspace/rustup-home:/opt/rustwide/rustup-home:ro,Z" "-e" "SOURCE_DIR=/opt/rustwide/workdir" "-e" "CARGO_TARGET_DIR=/opt/rustwide/target" "-e" "CARGO_HOME=/opt/rustwide/cargo-home" "-e" "RUSTUP_HOME=/opt/rustwide/rustup-home" "-w" "/opt/rustwide/workdir" "-m" "1610612736" "--user" "0:0" "--network" "none" "ghcr.io/rust-lang/crates-build-env/linux@sha256:20528e8c29e4536546f0102ce88568b16ea7538393a33fcca951030f7af10457" "/opt/rustwide/cargo-home/bin/cargo" "+ff34b919075f35a1787659e9c448a34b06bab8de" "metadata" "--no-deps" "--format-version=1", kill_on_drop: false }`
[INFO] [stderr] WARNING: Your kernel does not support swap limit capabilities or the cgroup is not mounted. Memory limited without swap.
[INFO] [stdout] 275ceff29874e81ec471ef1c4818eaa08fc6d95acc4faf609a0667d158c2acab
[INFO] running `Command { std: "docker" "start" "-a" "275ceff29874e81ec471ef1c4818eaa08fc6d95acc4faf609a0667d158c2acab", kill_on_drop: false }`
[INFO] running `Command { std: "docker" "inspect" "275ceff29874e81ec471ef1c4818eaa08fc6d95acc4faf609a0667d158c2acab", kill_on_drop: false }`
[INFO] running `Command { std: "docker" "rm" "-f" "275ceff29874e81ec471ef1c4818eaa08fc6d95acc4faf609a0667d158c2acab", kill_on_drop: false }`
[INFO] [stdout] 275ceff29874e81ec471ef1c4818eaa08fc6d95acc4faf609a0667d158c2acab
[INFO] running `Command { std: "docker" "create" "-v" "/var/lib/crater-agent-workspace/builds/worker-9/target:/opt/rustwide/target:rw,Z" "-v" "/var/lib/crater-agent-workspace/builds/worker-9/source:/opt/rustwide/workdir:ro,Z" "-v" "/var/lib/crater-agent-workspace/cargo-home:/opt/rustwide/cargo-home:ro,Z" "-v" "/var/lib/crater-agent-workspace/rustup-home:/opt/rustwide/rustup-home:ro,Z" "-e" "SOURCE_DIR=/opt/rustwide/workdir" "-e" "CARGO_TARGET_DIR=/opt/rustwide/target" "-e" "CARGO_INCREMENTAL=0" "-e" "RUST_BACKTRACE=full" "-e" "RUSTFLAGS=--cap-lints=forbid" "-e" "CARGO_HOME=/opt/rustwide/cargo-home" "-e" "RUSTUP_HOME=/opt/rustwide/rustup-home" "-w" "/opt/rustwide/workdir" "-m" "1610612736" "--user" "0:0" "--network" "none" "ghcr.io/rust-lang/crates-build-env/linux@sha256:20528e8c29e4536546f0102ce88568b16ea7538393a33fcca951030f7af10457" "/opt/rustwide/cargo-home/bin/cargo" "+ff34b919075f35a1787659e9c448a34b06bab8de" "build" "--frozen" "--message-format=json", kill_on_drop: false }`
[INFO] [stdout] 579d413595b15d306e56900ede796d39306c8fa980630ecd6e3a3b40e1c5a443
[INFO] [stderr] WARNING: Your kernel does not support swap limit capabilities or the cgroup is not mounted. Memory limited without swap.
[INFO] running `Command { std: "docker" "start" "-a" "579d413595b15d306e56900ede796d39306c8fa980630ecd6e3a3b40e1c5a443", kill_on_drop: false }`
[INFO] [stderr]    Compiling proc-macro2 v1.0.24
[INFO] [stderr]    Compiling syn v1.0.45
[INFO] [stderr]    Compiling log v0.4.11
[INFO] [stderr]    Compiling cc v1.0.61
[INFO] [stderr]    Compiling bytes v0.5.6
[INFO] [stderr]    Compiling memchr v2.3.3
[INFO] [stderr]    Compiling fnv v1.0.7
[INFO] [stderr]    Compiling futures-core v0.3.6
[INFO] [stderr]    Compiling pin-project-lite v0.1.10
[INFO] [stderr]    Compiling pin-project-internal v0.4.27
[INFO] [stderr]    Compiling version_check v0.9.2
[INFO] [stderr]    Compiling openssl v0.10.30
[INFO] [stderr]    Compiling futures-sink v0.3.6
[INFO] [stderr]    Compiling native-tls v0.2.4
[INFO] [stderr]    Compiling tinyvec v0.3.4
[INFO] [stderr]    Compiling httparse v1.3.4
[INFO] [stderr]    Compiling serde_derive v1.0.117
[INFO] [stderr]    Compiling futures-task v0.3.6
[INFO] [stderr]    Compiling serde v1.0.117
[INFO] [stderr]    Compiling tower-service v0.3.0
[INFO] [stderr]    Compiling encoding_rs v0.8.24
[INFO] [stderr]    Compiling dtoa v0.4.6
[INFO] [stderr]    Compiling indexmap v1.6.0
[INFO] [stderr]    Compiling futures-channel v0.3.6
[INFO] [stderr]    Compiling net2 v0.2.35
[INFO] [stderr]    Compiling iovec v0.1.4
[INFO] [stderr]    Compiling socket2 v0.3.15
[INFO] [stderr]    Compiling unicode-normalization v0.1.13
[INFO] [stderr]    Compiling http v0.2.1
[INFO] [stderr]    Compiling unicase v2.6.0
[INFO] [stderr]    Compiling mio v0.6.22
[INFO] [stderr]    Compiling tracing v0.1.21
[INFO] [stderr]    Compiling want v0.3.0
[INFO] [stderr]    Compiling quote v1.0.7
[INFO] [stderr]    Compiling mime_guess v2.0.3
[INFO] [stderr]    Compiling openssl-sys v0.9.58
[INFO] [stderr]    Compiling idna v0.2.0
[INFO] [stderr]    Compiling url v2.1.1
[INFO] [stderr]    Compiling http-body v0.3.1
[INFO] [stderr]    Compiling tokio-macros v0.2.5
[INFO] [stderr]    Compiling tokio v0.2.22
[INFO] [stderr]    Compiling pin-project v0.4.27
[INFO] [stderr]    Compiling futures-util v0.3.6
[INFO] [stderr]    Compiling tokio-util v0.3.1
[INFO] [stderr]    Compiling tokio-tls v0.3.1
[INFO] [stderr]    Compiling h2 v0.2.6
[INFO] [stderr]    Compiling serde_urlencoded v0.6.1
[INFO] [stderr]    Compiling hyper v0.13.8
[INFO] [stderr]    Compiling hyper-tls v0.4.3
[INFO] [stderr]    Compiling reqwest-vcapra1-add-cookies v0.10.9 (/opt/rustwide/workdir)
[INFO] [stdout] warning: field is never read: `identity`
[INFO] [stdout]   --> src/async_impl/client.rs:84:5
[INFO] [stdout]    |
[INFO] [stdout] 84 |     identity: Option<Identity>,
[INFO] [stdout]    |     ^^^^^^^^^^^^^^^^^^^^^^^^^^
[INFO] [stdout]    |
[INFO] [stdout]    = note: `#[warn(dead_code)]` on by default
[INFO] [stdout] 
[INFO] [stdout] 
[INFO] [stdout] warning: 1 warning emitted
[INFO] [stdout] 
[INFO] [stdout] 
[INFO] [stderr]     Finished dev [unoptimized + debuginfo] target(s) in 1m 50s
[INFO] running `Command { std: "docker" "inspect" "579d413595b15d306e56900ede796d39306c8fa980630ecd6e3a3b40e1c5a443", kill_on_drop: false }`
[INFO] running `Command { std: "docker" "rm" "-f" "579d413595b15d306e56900ede796d39306c8fa980630ecd6e3a3b40e1c5a443", kill_on_drop: false }`
[INFO] [stdout] 579d413595b15d306e56900ede796d39306c8fa980630ecd6e3a3b40e1c5a443
[INFO] running `Command { std: "docker" "create" "-v" "/var/lib/crater-agent-workspace/builds/worker-9/target:/opt/rustwide/target:rw,Z" "-v" "/var/lib/crater-agent-workspace/builds/worker-9/source:/opt/rustwide/workdir:ro,Z" "-v" "/var/lib/crater-agent-workspace/cargo-home:/opt/rustwide/cargo-home:ro,Z" "-v" "/var/lib/crater-agent-workspace/rustup-home:/opt/rustwide/rustup-home:ro,Z" "-e" "SOURCE_DIR=/opt/rustwide/workdir" "-e" "CARGO_TARGET_DIR=/opt/rustwide/target" "-e" "CARGO_INCREMENTAL=0" "-e" "RUST_BACKTRACE=full" "-e" "RUSTFLAGS=--cap-lints=forbid" "-e" "CARGO_HOME=/opt/rustwide/cargo-home" "-e" "RUSTUP_HOME=/opt/rustwide/rustup-home" "-w" "/opt/rustwide/workdir" "-m" "1610612736" "--user" "0:0" "--network" "none" "ghcr.io/rust-lang/crates-build-env/linux@sha256:20528e8c29e4536546f0102ce88568b16ea7538393a33fcca951030f7af10457" "/opt/rustwide/cargo-home/bin/cargo" "+ff34b919075f35a1787659e9c448a34b06bab8de" "test" "--frozen" "--no-run" "--message-format=json", kill_on_drop: false }`
[INFO] [stderr] WARNING: Your kernel does not support swap limit capabilities or the cgroup is not mounted. Memory limited without swap.
[INFO] [stdout] 333475951d76c0f33b46dab1a478a8e32d51611c16be59362514a046fffe0ee0
[INFO] running `Command { std: "docker" "start" "-a" "333475951d76c0f33b46dab1a478a8e32d51611c16be59362514a046fffe0ee0", kill_on_drop: false }`
[INFO] [stderr]    Compiling alloc-no-stdlib v2.0.1
[INFO] [stderr]    Compiling regex-syntax v0.6.20
[INFO] [stderr]    Compiling rle-decode-fast v1.0.1
[INFO] [stderr]    Compiling libflate_lz77 v1.0.0
[INFO] [stderr]    Compiling termcolor v1.1.0
[INFO] [stderr]    Compiling thread_local v1.0.1
[INFO] [stderr]    Compiling crc32fast v1.2.0
[INFO] [stderr]    Compiling aho-corasick v0.7.14
[INFO] [stdout] warning: field is never read: `identity`
[INFO] [stdout]   --> src/async_impl/client.rs:84:5
[INFO] [stdout]    |
[INFO] [stdout] 84 |     identity: Option<Identity>,
[INFO] [stdout]    |     ^^^^^^^^^^^^^^^^^^^^^^^^^^
[INFO] [stdout]    |
[INFO] [stdout]    = note: `#[warn(dead_code)]` on by default
[INFO] [stdout] 
[INFO] [stdout] 
[INFO] [stdout] warning: 1 warning emitted
[INFO] [stdout] 
[INFO] [stdout] 
[INFO] [stderr]    Compiling alloc-stdlib v0.2.1
[INFO] [stderr]    Compiling brotli-decompressor v2.3.1
[INFO] [stderr]    Compiling libflate v1.0.2
[INFO] [stderr]    Compiling brotli v3.3.0
[INFO] [stderr]    Compiling regex v1.4.1
[INFO] [stderr]    Compiling env_logger v0.7.1
[INFO] [stderr]    Compiling reqwest-vcapra1-add-cookies v0.10.9 (/opt/rustwide/workdir)
[INFO] [stdout] error[E0433]: failed to resolve: use of undeclared crate or module `reqwest`
[INFO] [stdout]  --> examples/simple.rs:7:31
[INFO] [stdout]   |
[INFO] [stdout] 7 | async fn main() -> Result<(), reqwest::Error> {
[INFO] [stdout]   |                               ^^^^^^^ use of undeclared crate or module `reqwest`
[INFO] [stdout] 
[INFO] [stdout] 
[INFO] [stdout] error[E0433]: failed to resolve: use of undeclared crate or module `reqwest`
[INFO] [stdout]  --> examples/simple.rs:8:15
[INFO] [stdout]   |
[INFO] [stdout] 8 |     let res = reqwest::get("https://hyper.rs").await?;
[INFO] [stdout]   |               ^^^^^^^ use of undeclared crate or module `reqwest`
[INFO] [stdout] 
[INFO] [stdout] 
[INFO] [stdout] error: aborting due to 2 previous errors
[INFO] [stdout] 
[INFO] [stdout] 
[INFO] [stdout] For more information about this error, try `rustc --explain E0433`.
[INFO] [stdout] 
[INFO] [stderr] error: could not compile `reqwest-vcapra1-add-cookies`
[INFO] [stderr] 
[INFO] [stderr] To learn more, run the command again with --verbose.
[INFO] [stderr] warning: build failed, waiting for other jobs to finish...
[INFO] [stdout] error[E0432]: unresolved import `reqwest`
[INFO] [stdout]  --> tests/client.rs:5:5
[INFO] [stdout]   |
[INFO] [stdout] 5 | use reqwest::Client;
[INFO] [stdout]   |     ^^^^^^^ use of undeclared crate or module `reqwest`
[INFO] [stdout] 
[INFO] [stdout] 
[INFO] [stdout] error[E0433]: failed to resolve: use of undeclared crate or module `reqwest`
[INFO] [stdout]   --> tests/multipart.rs:55:30
[INFO] [stdout]    |
[INFO] [stdout] 55 |     assert_eq!(res.status(), reqwest::StatusCode::OK);
[INFO] [stdout]    |                              ^^^^^^^ use of undeclared crate or module `reqwest`
[INFO] [stdout] 
[INFO] [stdout] 
[INFO] [stdout] error[E0433]: failed to resolve: use of undeclared crate or module `reqwest`
[INFO] [stdout]  --> tests/badssl.rs:4:25
[INFO] [stdout]   |
[INFO] [stdout] 4 |     let text = reqwest::Client::builder()
[INFO] [stdout]   |                         ^^^^^^ not found in `reqwest`
[INFO] [stdout]   |
[INFO] [stdout]   = note: consider importing one of these items:
[INFO] [stdout]           hyper::Client
[INFO] [stdout]           reqwest_vcapra1_add_cookies::Client
[INFO] [stdout] 
[INFO] [stdout] 
[INFO] [stdout] error[E0433]: failed to resolve: use of undeclared crate or module `reqwest`
[INFO] [stdout]  --> tests/multipart.rs:9:36
[INFO] [stdout]   |
[INFO] [stdout] 9 |     let form = reqwest::multipart::Form::new().text("foo", "bar");
[INFO] [stdout]   |                                    ^^^^ not found in `reqwest::multipart`
[INFO] [stdout]   |
[INFO] [stdout] help: consider importing this struct
[INFO] [stdout]   |
[INFO] [stdout] 2 | use reqwest_vcapra1_add_cookies::multipart::Form;
[INFO] [stdout]   |
[INFO] [stdout] 
[INFO] [stdout] 
[INFO] [stdout] error[E0433]: failed to resolve: use of undeclared crate or module `reqwest`
[INFO] [stdout]   --> tests/multipart.rs:47:24
[INFO] [stdout]    |
[INFO] [stdout] 47 |     let res = reqwest::Client::new()
[INFO] [stdout]    |                        ^^^^^^ not found in `reqwest`
[INFO] [stdout]    |
[INFO] [stdout] help: consider importing one of these items
[INFO] [stdout]    |
[INFO] [stdout] 2  | use hyper::Client;
[INFO] [stdout]    |
[INFO] [stdout] 2  | use reqwest_vcapra1_add_cookies::Client;
[INFO] [stdout]    |
[INFO] [stdout] 
[INFO] [stdout] 
[INFO] [stdout] error[E0433]: failed to resolve: use of undeclared crate or module `reqwest`
[INFO] [stdout]   --> tests/badssl.rs:41:25
[INFO] [stdout]    |
[INFO] [stdout] 41 |     let text = reqwest::Client::builder()
[INFO] [stdout]    |                         ^^^^^^ not found in `reqwest`
[INFO] [stdout]    |
[INFO] [stdout]    = note: consider importing one of these items:
[INFO] [stdout]            hyper::Client
[INFO] [stdout]            reqwest_vcapra1_add_cookies::Client
[INFO] [stdout] 
[INFO] [stdout] 
[INFO] [stdout] error[E0433]: failed to resolve: use of undeclared crate or module `reqwest`
[INFO] [stdout]   --> tests/timeouts.rs:18:27
[INFO] [stdout]    |
[INFO] [stdout] 18 |     let client = reqwest::Client::builder()
[INFO] [stdout]    |                           ^^^^^^ not found in `reqwest`
[INFO] [stdout]    |
[INFO] [stdout] help: consider importing one of these items
[INFO] [stdout]    |
[INFO] [stdout] 2  | use hyper::Client;
[INFO] [stdout]    |
[INFO] [stdout] 2  | use reqwest_vcapra1_add_cookies::Client;
[INFO] [stdout]    |
[INFO] [stdout] 
[INFO] [stdout] 
[INFO] [stdout] error[E0433]: failed to resolve: use of undeclared crate or module `reqwest`
[INFO] [stdout]   --> tests/timeouts.rs:45:27
[INFO] [stdout]    |
[INFO] [stdout] 45 |     let client = reqwest::Client::builder().build().unwrap();
[INFO] [stdout]    |                           ^^^^^^ not found in `reqwest`
[INFO] [stdout]    |
[INFO] [stdout] help: consider importing one of these items
[INFO] [stdout]    |
[INFO] [stdout] 2  | use hyper::Client;
[INFO] [stdout]    |
[INFO] [stdout] 2  | use reqwest_vcapra1_add_cookies::Client;
[INFO] [stdout]    |
[INFO] [stdout] 
[INFO] [stdout] 
[INFO] [stdout] error[E0433]: failed to resolve: use of undeclared crate or module `reqwest`
[INFO] [stdout]   --> tests/timeouts.rs:70:27
[INFO] [stdout]    |
[INFO] [stdout] 70 |     let client = reqwest::Client::builder()
[INFO] [stdout]    |                           ^^^^^^ not found in `reqwest`
[INFO] [stdout]    |
[INFO] [stdout] help: consider importing one of these items
[INFO] [stdout]    |
[INFO] [stdout] 2  | use hyper::Client;
[INFO] [stdout]    |
[INFO] [stdout] 2  | use reqwest_vcapra1_add_cookies::Client;
[INFO] [stdout]    |
[INFO] [stdout] 
[INFO] [stdout] 
[INFO] [stdout] error[E0433]: failed to resolve: use of undeclared crate or module `reqwest`
[INFO] [stdout]    --> tests/timeouts.rs:104:27
[INFO] [stdout]     |
[INFO] [stdout] 104 |     let client = reqwest::Client::builder()
[INFO] [stdout]     |                           ^^^^^^ not found in `reqwest`
[INFO] [stdout]     |
[INFO] [stdout] help: consider importing one of these items
[INFO] [stdout]     |
[INFO] [stdout] 2   | use hyper::Client;
[INFO] [stdout]     |
[INFO] [stdout] 2   | use reqwest_vcapra1_add_cookies::Client;
[INFO] [stdout]     |
[INFO] [stdout] 
[INFO] [stdout] 
[INFO] [stdout] error[E0433]: failed to resolve: use of undeclared crate or module `reqwest`
[INFO] [stdout]  --> examples/form.rs:3:14
[INFO] [stdout]   |
[INFO] [stdout] 3 |     reqwest::Client::new()
[INFO] [stdout]   |              ^^^^^^ not found in `reqwest`
[INFO] [stdout]   |
[INFO] [stdout]   = note: consider importing one of these items:
[INFO] [stdout]           hyper::Client
[INFO] [stdout]           reqwest_vcapra1_add_cookies::Client
[INFO] [stdout] 
[INFO] [stdout] 
[INFO] [stdout] error: aborting due to 2 previous errors
[INFO] [stdout] 
[INFO] [stdout] 
[INFO] [stdout] For more information about this error, try `rustc --explain E0433`.
[INFO] [stdout] 
[INFO] [stdout] error[E0433]: failed to resolve: use of undeclared crate or module `reqwest`
[INFO] [stdout]   --> tests/client.rs:41:30
[INFO] [stdout]    |
[INFO] [stdout] 41 |     assert_eq!(res.status(), reqwest::StatusCode::OK);
[INFO] [stdout]    |                              ^^^^^^^ use of undeclared crate or module `reqwest`
[INFO] [stdout] 
[INFO] [stdout] 
[INFO] [stdout] error[E0433]: failed to resolve: use of undeclared crate or module `reqwest`
[INFO] [stdout]   --> tests/proxy.rs:29:30
[INFO] [stdout]    |
[INFO] [stdout] 29 |     assert_eq!(res.status(), reqwest::StatusCode::OK);
[INFO] [stdout]    |                              ^^^^^^^ use of undeclared crate or module `reqwest`
[INFO] [stdout] 
[INFO] [stdout] 
[INFO] [stdout] error[E0433]: failed to resolve: use of undeclared crate or module `reqwest`
[INFO] [stdout]   --> tests/redirect.rs:34:34
[INFO] [stdout]    |
[INFO] [stdout] 34 |         assert_eq!(res.status(), reqwest::StatusCode::OK);
[INFO] [stdout]    |                                  ^^^^^^^ use of undeclared crate or module `reqwest`
[INFO] [stdout] 
[INFO] [stdout] 
[INFO] [stdout] error[E0433]: failed to resolve: use of undeclared crate or module `reqwest`
[INFO] [stdout]   --> tests/client.rs:62:30
[INFO] [stdout]    |
[INFO] [stdout] 62 |     assert_eq!(res.status(), reqwest::StatusCode::OK);
[INFO] [stdout]    |                              ^^^^^^^ use of undeclared crate or module `reqwest`
[INFO] [stdout] 
[INFO] [stdout] 
[INFO] [stdout] error[E0433]: failed to resolve: use of undeclared crate or module `reqwest`
[INFO] [stdout]    --> tests/client.rs:149:31
[INFO] [stdout]     |
[INFO] [stdout] 149 |     assert_eq!(res1.status(), reqwest::StatusCode::OK);
[INFO] [stdout]     |                               ^^^^^^^ use of undeclared crate or module `reqwest`
[INFO] [stdout] 
[INFO] [stdout] 
[INFO] [stdout] error[E0433]: failed to resolve: use of undeclared crate or module `reqwest`
[INFO] [stdout]    --> tests/client.rs:160:31
[INFO] [stdout]     |
[INFO] [stdout] 160 |     assert_eq!(res2.status(), reqwest::StatusCode::OK);
[INFO] [stdout]     |                               ^^^^^^^ use of undeclared crate or module `reqwest`
[INFO] [stdout] 
[INFO] [stdout] 
[INFO] [stdout] error[E0433]: failed to resolve: use of undeclared crate or module `reqwest`
[INFO] [stdout]   --> tests/client.rs:31:24
[INFO] [stdout]    |
[INFO] [stdout] 31 |     let res = reqwest::Client::builder()
[INFO] [stdout]    |                        ^^^^^^ not found in `reqwest`
[INFO] [stdout]    |
[INFO] [stdout] help: consider importing one of these items
[INFO] [stdout]    |
[INFO] [stdout] 2  | use hyper::Client;
[INFO] [stdout]    |
[INFO] [stdout] 2  | use reqwest_vcapra1_add_cookies::Client;
[INFO] [stdout]    |
[INFO] [stdout] 
[INFO] [stdout] 
[INFO] [stdout] error[E0433]: failed to resolve: use of undeclared crate or module `reqwest`
[INFO] [stdout]   --> tests/client.rs:53:24
[INFO] [stdout]    |
[INFO] [stdout] 53 |     let res = reqwest::Client::builder()
[INFO] [stdout]    |                        ^^^^^^ not found in `reqwest`
[INFO] [stdout]    |
[INFO] [stdout] help: consider importing one of these items
[INFO] [stdout]    |
[INFO] [stdout] 2  | use hyper::Client;
[INFO] [stdout]    |
[INFO] [stdout] 2  | use reqwest_vcapra1_add_cookies::Client;
[INFO] [stdout]    |
[INFO] [stdout] 
[INFO] [stdout] 
[INFO] [stdout] error: aborting due to previous error
[INFO] [stdout] 
[INFO] [stdout] 
[INFO] [stdout] For more information about this error, try `rustc --explain E0433`.
[INFO] [stdout] 
[INFO] [stdout] error[E0433]: failed to resolve: use of undeclared crate or module `reqwest`
[INFO] [stdout]   --> tests/redirect.rs:36:31
[INFO] [stdout]    |
[INFO] [stdout] 36 |             res.headers().get(reqwest::header::SERVER).unwrap(),
[INFO] [stdout]    |                               ^^^^^^^ use of undeclared crate or module `reqwest`
[INFO] [stdout] 
[INFO] [stdout] 
[INFO] [stdout] error[E0433]: failed to resolve: use of undeclared crate or module `reqwest`
[INFO] [stdout]   --> tests/redirect.rs:70:34
[INFO] [stdout]    |
[INFO] [stdout] 70 |         assert_eq!(res.status(), reqwest::StatusCode::OK);
[INFO] [stdout]    |                                  ^^^^^^^ use of undeclared crate or module `reqwest`
[INFO] [stdout] 
[INFO] [stdout] 
[INFO] [stdout] error[E0433]: failed to resolve: use of undeclared crate or module `reqwest`
[INFO] [stdout]   --> tests/redirect.rs:72:31
[INFO] [stdout]    |
[INFO] [stdout] 72 |             res.headers().get(reqwest::header::SERVER).unwrap(),
[INFO] [stdout]    |                               ^^^^^^^ use of undeclared crate or module `reqwest`
[INFO] [stdout] 
[INFO] [stdout] 
[INFO] [stdout] error[E0433]: failed to resolve: use of undeclared crate or module `reqwest`
[INFO] [stdout]    --> tests/redirect.rs:112:34
[INFO] [stdout]     |
[INFO] [stdout] 112 |         assert_eq!(res.status(), reqwest::StatusCode::OK);
[INFO] [stdout]     |                                  ^^^^^^^ use of undeclared crate or module `reqwest`
[INFO] [stdout] 
[INFO] [stdout] 
[INFO] [stdout] error[E0433]: failed to resolve: use of undeclared crate or module `reqwest`
[INFO] [stdout]    --> tests/redirect.rs:114:31
[INFO] [stdout]     |
[INFO] [stdout] 114 |             res.headers().get(reqwest::header::SERVER).unwrap(),
[INFO] [stdout]     |                               ^^^^^^^ use of undeclared crate or module `reqwest`
[INFO] [stdout] 
[INFO] [stdout] 
[INFO] [stdout] error[E0433]: failed to resolve: use of undeclared crate or module `reqwest`
[INFO] [stdout]    --> tests/redirect.rs:191:13
[INFO] [stdout]     |
[INFO] [stdout] 191 |             reqwest::header::COOKIE,
[INFO] [stdout]     |             ^^^^^^^ use of undeclared crate or module `reqwest`
[INFO] [stdout] 
[INFO] [stdout] 
[INFO] [stdout] error[E0433]: failed to resolve: use of undeclared crate or module `reqwest`
[INFO] [stdout]   --> tests/proxy.rs:63:30
[INFO] [stdout]    |
[INFO] [stdout] 63 |     assert_eq!(res.status(), reqwest::StatusCode::OK);
[INFO] [stdout]    |                              ^^^^^^^ use of undeclared crate or module `reqwest`
[INFO] [stdout] 
[INFO] [stdout] 
[INFO] [stdout] error[E0433]: failed to resolve: use of undeclared crate or module `reqwest`
[INFO] [stdout]   --> tests/proxy.rs:93:30
[INFO] [stdout]    |
[INFO] [stdout] 93 |     assert_eq!(res.status(), reqwest::StatusCode::OK);
[INFO] [stdout]    |                              ^^^^^^^ use of undeclared crate or module `reqwest`
[INFO] [stdout] 
[INFO] [stdout] 
[INFO] [stdout] error[E0433]: failed to resolve: use of undeclared crate or module `reqwest`
[INFO] [stdout]    --> tests/redirect.rs:211:15
[INFO] [stdout]     |
[INFO] [stdout] 211 |     let err = reqwest::get(&url).await.unwrap_err();
[INFO] [stdout]     |               ^^^^^^^ use of undeclared crate or module `reqwest`
[INFO] [stdout] 
[INFO] [stdout] 
[INFO] [stdout] error[E0433]: failed to resolve: use of undeclared crate or module `reqwest`
[INFO] [stdout]    --> tests/proxy.rs:119:30
[INFO] [stdout]     |
[INFO] [stdout] 119 |     assert_eq!(res.status(), reqwest::StatusCode::OK);
[INFO] [stdout]     |                              ^^^^^^^ use of undeclared crate or module `reqwest`
[INFO] [stdout] 
[INFO] [stdout] 
[INFO] [stdout] error[E0433]: failed to resolve: use of undeclared crate or module `reqwest`
[INFO] [stdout]    --> tests/redirect.rs:238:30
[INFO] [stdout]     |
[INFO] [stdout] 238 |     assert_eq!(res.status(), reqwest::StatusCode::FOUND);
[INFO] [stdout]     |                              ^^^^^^^ use of undeclared crate or module `reqwest`
[INFO] [stdout] 
[INFO] [stdout] 
[INFO] [stdout] error[E0433]: failed to resolve: use of undeclared crate or module `reqwest`
[INFO] [stdout]    --> tests/proxy.rs:143:15
[INFO] [stdout]     |
[INFO] [stdout] 143 |     let res = reqwest::get(url).await.unwrap();
[INFO] [stdout]     |               ^^^^^^^ use of undeclared crate or module `reqwest`
[INFO] [stdout] 
[INFO] [stdout] 
[INFO] [stdout] error[E0433]: failed to resolve: use of undeclared crate or module `reqwest`
[INFO] [stdout]    --> tests/redirect.rs:280:15
[INFO] [stdout]     |
[INFO] [stdout] 280 |     let res = reqwest::get(&url).await.unwrap();
[INFO] [stdout]     |               ^^^^^^^ use of undeclared crate or module `reqwest`
[INFO] [stdout] 
[INFO] [stdout] 
[INFO] [stdout] error[E0433]: failed to resolve: use of undeclared crate or module `reqwest`
[INFO] [stdout]    --> tests/redirect.rs:283:30
[INFO] [stdout]     |
[INFO] [stdout] 283 |     assert_eq!(res.status(), reqwest::StatusCode::FOUND);
[INFO] [stdout]     |                              ^^^^^^^ use of undeclared crate or module `reqwest`
[INFO] [stdout] 
[INFO] [stdout] 
[INFO] [stdout] error[E0433]: failed to resolve: use of undeclared crate or module `reqwest`
[INFO] [stdout]  --> tests/redirect.rs:7:27
[INFO] [stdout]   |
[INFO] [stdout] 7 |     let client = reqwest::Client::new();
[INFO] [stdout]   |                           ^^^^^^ not found in `reqwest`
[INFO] [stdout]   |
[INFO] [stdout] help: consider importing one of these items
[INFO] [stdout]   |
[INFO] [stdout] 2 | use hyper::Client;
[INFO] [stdout]   |
[INFO] [stdout] 2 | use reqwest_vcapra1_add_cookies::Client;
[INFO] [stdout]   |
[INFO] [stdout] 
[INFO] [stdout] 
[INFO] [stdout] error[E0433]: failed to resolve: use of undeclared crate or module `reqwest`
[INFO] [stdout]   --> tests/redirect.rs:44:27
[INFO] [stdout]    |
[INFO] [stdout] 44 |     let client = reqwest::Client::new();
[INFO] [stdout]    |                           ^^^^^^ not found in `reqwest`
[INFO] [stdout]    |
[INFO] [stdout] help: consider importing one of these items
[INFO] [stdout]    |
[INFO] [stdout] 2  | use hyper::Client;
[INFO] [stdout]    |
[INFO] [stdout] 2  | use reqwest_vcapra1_add_cookies::Client;
[INFO] [stdout]    |
[INFO] [stdout] 
[INFO] [stdout] 
[INFO] [stdout] error[E0433]: failed to resolve: use of undeclared crate or module `reqwest`
[INFO] [stdout]   --> tests/redirect.rs:81:27
[INFO] [stdout]    |
[INFO] [stdout] 81 |     let client = reqwest::Client::new();
[INFO] [stdout]    |                           ^^^^^^ not found in `reqwest`
[INFO] [stdout]    |
[INFO] [stdout] help: consider importing one of these items
[INFO] [stdout]    |
[INFO] [stdout] 2  | use hyper::Client;
[INFO] [stdout]    |
[INFO] [stdout] 2  | use reqwest_vcapra1_add_cookies::Client;
[INFO] [stdout]    |
[INFO] [stdout] 
[INFO] [stdout] 
[INFO] [stdout] error[E0433]: failed to resolve: use of undeclared crate or module `reqwest`
[INFO] [stdout]    --> tests/redirect.rs:186:14
[INFO] [stdout]     |
[INFO] [stdout] 186 |     reqwest::Client::builder()
[INFO] [stdout]     |              ^^^^^^ not found in `reqwest`
[INFO] [stdout]     |
[INFO] [stdout] help: consider importing one of these items
[INFO] [stdout]     |
[INFO] [stdout] 2   | use hyper::Client;
[INFO] [stdout]     |
[INFO] [stdout] 2   | use reqwest_vcapra1_add_cookies::Client;
[INFO] [stdout]     |
[INFO] [stdout] 
[INFO] [stdout] 
[INFO] [stdout] error[E0433]: failed to resolve: use of undeclared crate or module `reqwest`
[INFO] [stdout]    --> tests/redirect.rs:192:30
[INFO] [stdout]     |
[INFO] [stdout] 192 |             reqwest::header::HeaderValue::from_static("foo=bar"),
[INFO] [stdout]     |                              ^^^^^^^^^^^ not found in `reqwest::header`
[INFO] [stdout]     |
[INFO] [stdout] help: consider importing one of these items
[INFO] [stdout]     |
[INFO] [stdout] 2   | use http::HeaderValue;
[INFO] [stdout]     |
[INFO] [stdout] 2   | use hyper::header::HeaderValue;
[INFO] [stdout]     |
[INFO] [stdout] 2   | use reqwest_vcapra1_add_cookies::header::HeaderValue;
[INFO] [stdout]     |
[INFO] [stdout] 
[INFO] [stdout] 
[INFO] [stdout] error[E0433]: failed to resolve: use of undeclared crate or module `reqwest`
[INFO] [stdout]    --> tests/redirect.rs:228:24
[INFO] [stdout]     |
[INFO] [stdout] 228 |     let res = reqwest::Client::builder()
[INFO] [stdout]     |                        ^^^^^^ not found in `reqwest`
[INFO] [stdout]     |
[INFO] [stdout] help: consider importing one of these items
[INFO] [stdout]     |
[INFO] [stdout] 2   | use hyper::Client;
[INFO] [stdout]     |
[INFO] [stdout] 2   | use reqwest_vcapra1_add_cookies::Client;
[INFO] [stdout]     |
[INFO] [stdout] 
[INFO] [stdout] 
[INFO] [stdout] error[E0433]: failed to resolve: use of undeclared crate or module `reqwest`
[INFO] [stdout]    --> tests/redirect.rs:229:38
[INFO] [stdout]     |
[INFO] [stdout] 229 |         .redirect(reqwest::redirect::Policy::none())
[INFO] [stdout]     |                                      ^^^^^^ not found in `reqwest::redirect`
[INFO] [stdout]     |
[INFO] [stdout] help: consider importing this struct
[INFO] [stdout]     |
[INFO] [stdout] 2   | use reqwest_vcapra1_add_cookies::redirect::Policy;
[INFO] [stdout]     |
[INFO] [stdout] 
[INFO] [stdout] 
[INFO] [stdout] error[E0433]: failed to resolve: use of undeclared crate or module `reqwest`
[INFO] [stdout]    --> tests/redirect.rs:258:14
[INFO] [stdout]     |
[INFO] [stdout] 258 |     reqwest::Client::builder()
[INFO] [stdout]     |              ^^^^^^ not found in `reqwest`
[INFO] [stdout]     |
[INFO] [stdout] help: consider importing one of these items
[INFO] [stdout]     |
[INFO] [stdout] 2   | use hyper::Client;
[INFO] [stdout]     |
[INFO] [stdout] 2   | use reqwest_vcapra1_add_cookies::Client;
[INFO] [stdout]     |
[INFO] [stdout] 
[INFO] [stdout] 
[INFO] [stdout] error[E0433]: failed to resolve: use of undeclared crate or module `reqwest`
[INFO] [stdout]    --> tests/proxy.rs:146:30
[INFO] [stdout]     |
[INFO] [stdout] 146 |     assert_eq!(res.status(), reqwest::StatusCode::OK);
[INFO] [stdout]     |                              ^^^^^^^ use of undeclared crate or module `reqwest`
[INFO] [stdout] 
[INFO] [stdout] 
[INFO] [stdout] error[E0433]: failed to resolve: use of undeclared crate or module `reqwest`
[INFO] [stdout]    --> tests/proxy.rs:179:30
[INFO] [stdout]     |
[INFO] [stdout] 179 |     assert_eq!(res.status(), reqwest::StatusCode::OK);
[INFO] [stdout]     |                              ^^^^^^^ use of undeclared crate or module `reqwest`
[INFO] [stdout] 
[INFO] [stdout] 
[INFO] [stdout] error[E0433]: failed to resolve: use of undeclared crate or module `reqwest`
[INFO] [stdout]   --> tests/proxy.rs:19:24
[INFO] [stdout]    |
[INFO] [stdout] 19 |     let res = reqwest::Client::builder()
[INFO] [stdout]    |                        ^^^^^^ not found in `reqwest`
[INFO] [stdout]    |
[INFO] [stdout] help: consider importing one of these items
[INFO] [stdout]    |
[INFO] [stdout] 2  | use hyper::Client;
[INFO] [stdout]    |
[INFO] [stdout] 2  | use reqwest_vcapra1_add_cookies::Client;
[INFO] [stdout]    |
[INFO] [stdout] 
[INFO] [stdout] 
[INFO] [stdout] error[E0433]: failed to resolve: use of undeclared crate or module `reqwest`
[INFO] [stdout]   --> tests/proxy.rs:20:25
[INFO] [stdout]    |
[INFO] [stdout] 20 |         .proxy(reqwest::Proxy::http(&proxy).unwrap())
[INFO] [stdout]    |                         ^^^^^ not found in `reqwest`
[INFO] [stdout]    |
[INFO] [stdout] help: consider importing this struct
[INFO] [stdout]    |
[INFO] [stdout] 2  | use reqwest_vcapra1_add_cookies::Proxy;
[INFO] [stdout]    |
[INFO] [stdout] 
[INFO] [stdout] 
[INFO] [stdout] error[E0433]: failed to resolve: use of undeclared crate or module `reqwest`
[INFO] [stdout]   --> tests/proxy.rs:49:24
[INFO] [stdout]    |
[INFO] [stdout] 49 |     let res = reqwest::Client::builder()
[INFO] [stdout]    |                        ^^^^^^ not found in `reqwest`
[INFO] [stdout]    |
[INFO] [stdout] help: consider importing one of these items
[INFO] [stdout]    |
[INFO] [stdout] 2  | use hyper::Client;
[INFO] [stdout]    |
[INFO] [stdout] 2  | use reqwest_vcapra1_add_cookies::Client;
[INFO] [stdout]    |
[INFO] [stdout] 
[INFO] [stdout] 
[INFO] [stdout] error[E0433]: failed to resolve: use of undeclared crate or module `reqwest`
[INFO] [stdout]   --> tests/proxy.rs:51:22
[INFO] [stdout]    |
[INFO] [stdout] 51 |             reqwest::Proxy::http(&proxy)
[INFO] [stdout]    |                      ^^^^^ not found in `reqwest`
[INFO] [stdout]    |
[INFO] [stdout] help: consider importing this struct
[INFO] [stdout]    |
[INFO] [stdout] 2  | use reqwest_vcapra1_add_cookies::Proxy;
[INFO] [stdout]    |
[INFO] [stdout] 
[INFO] [stdout] 
[INFO] [stdout] error[E0433]: failed to resolve: use of undeclared crate or module `reqwest`
[INFO] [stdout]   --> tests/proxy.rs:83:24
[INFO] [stdout]    |
[INFO] [stdout] 83 |     let res = reqwest::Client::builder()
[INFO] [stdout]    |                        ^^^^^^ not found in `reqwest`
[INFO] [stdout]    |
[INFO] [stdout] help: consider importing one of these items
[INFO] [stdout]    |
[INFO] [stdout] 2  | use hyper::Client;
[INFO] [stdout]    |
[INFO] [stdout] 2  | use reqwest_vcapra1_add_cookies::Client;
[INFO] [stdout]    |
[INFO] [stdout] 
[INFO] [stdout] 
[INFO] [stdout] error[E0433]: failed to resolve: use of undeclared crate or module `reqwest`
[INFO] [stdout]   --> tests/proxy.rs:84:25
[INFO] [stdout]    |
[INFO] [stdout] 84 |         .proxy(reqwest::Proxy::http(&proxy).unwrap())
[INFO] [stdout]    |                         ^^^^^ not found in `reqwest`
[INFO] [stdout]    |
[INFO] [stdout] help: consider importing this struct
[INFO] [stdout]    |
[INFO] [stdout] 2  | use reqwest_vcapra1_add_cookies::Proxy;
[INFO] [stdout]    |
[INFO] [stdout] 
[INFO] [stdout] 
[INFO] [stdout] error[E0433]: failed to resolve: use of undeclared crate or module `reqwest`
[INFO] [stdout]    --> tests/proxy.rs:108:24
[INFO] [stdout]     |
[INFO] [stdout] 108 |     let res = reqwest::Client::builder()
[INFO] [stdout]     |                        ^^^^^^ not found in `reqwest`
[INFO] [stdout]     |
[INFO] [stdout] help: consider importing one of these items
[INFO] [stdout]     |
[INFO] [stdout] 2   | use hyper::Client;
[INFO] [stdout]     |
[INFO] [stdout] 2   | use reqwest_vcapra1_add_cookies::Client;
[INFO] [stdout]     |
[INFO] [stdout] 
[INFO] [stdout] 
[INFO] [stdout] error[E0433]: failed to resolve: use of undeclared crate or module `reqwest`
[INFO] [stdout]    --> tests/proxy.rs:109:25
[INFO] [stdout]     |
[INFO] [stdout] 109 |         .proxy(reqwest::Proxy::http(&proxy).unwrap())
[INFO] [stdout]     |                         ^^^^^ not found in `reqwest`
[INFO] [stdout]     |
[INFO] [stdout] help: consider importing this struct
[INFO] [stdout]     |
[INFO] [stdout] 2   | use reqwest_vcapra1_add_cookies::Proxy;
[INFO] [stdout]     |
[INFO] [stdout] 
[INFO] [stdout] 
[INFO] [stdout] error[E0433]: failed to resolve: use of undeclared crate or module `reqwest`
[INFO] [stdout]    --> tests/proxy.rs:169:24
[INFO] [stdout]     |
[INFO] [stdout] 169 |     let res = reqwest::Client::builder()
[INFO] [stdout]     |                        ^^^^^^ not found in `reqwest`
[INFO] [stdout]     |
[INFO] [stdout] help: consider importing one of these items
[INFO] [stdout]     |
[INFO] [stdout] 2   | use hyper::Client;
[INFO] [stdout]     |
[INFO] [stdout] 2   | use reqwest_vcapra1_add_cookies::Client;
[INFO] [stdout]     |
[INFO] [stdout] 
[INFO] [stdout] 
[INFO] [stdout] error[E0433]: failed to resolve: use of undeclared crate or module `reqwest`
[INFO] [stdout]    --> tests/proxy.rs:170:25
[INFO] [stdout]     |
[INFO] [stdout] 170 |         .proxy(reqwest::Proxy::http(&proxy).unwrap())
[INFO] [stdout]     |                         ^^^^^ not found in `reqwest`
[INFO] [stdout]     |
[INFO] [stdout] help: consider importing this struct
[INFO] [stdout]     |
[INFO] [stdout] 2   | use reqwest_vcapra1_add_cookies::Proxy;
[INFO] [stdout]     |
[INFO] [stdout] 
[INFO] [stdout] 
[INFO] [stdout] error: aborting due to 4 previous errors
[INFO] [stdout] 
[INFO] [stdout] 
[INFO] [stdout] For more information about this error, try `rustc --explain E0433`.
[INFO] [stdout] 
[INFO] [stdout] error: aborting due to 3 previous errors
[INFO] [stdout] 
[INFO] [stdout] 
[INFO] [stdout] For more information about this error, try `rustc --explain E0433`.
[INFO] [stdout] 
[INFO] [stdout] error: aborting due to 7 previous errors
[INFO] [stdout] 
[INFO] [stdout] 
[INFO] [stdout] Some errors have detailed explanations: E0432, E0433.
[INFO] [stdout] 
[INFO] [stdout] For more information about an error, try `rustc --explain E0432`.
[INFO] [stdout] 
[INFO] [stdout] error: aborting due to 19 previous errors
[INFO] [stdout] 
[INFO] [stdout] 
[INFO] [stdout] For more information about this error, try `rustc --explain E0433`.
[INFO] [stdout] 
[INFO] [stdout] error: aborting due to 17 previous errors
[INFO] [stdout] 
[INFO] [stdout] 
[INFO] [stdout] For more information about this error, try `rustc --explain E0433`.
[INFO] [stdout] 
[INFO] [stdout] error: field is never read: `identity`
[INFO] [stdout]   --> src/async_impl/client.rs:84:5
[INFO] [stdout]    |
[INFO] [stdout] 84 |     identity: Option<Identity>,
[INFO] [stdout]    |     ^^^^^^^^^^^^^^^^^^^^^^^^^^
[INFO] [stdout]    |
[INFO] [stdout] note: the lint level is defined here
[INFO] [stdout]   --> src/lib.rs:3:24
[INFO] [stdout]    |
[INFO] [stdout] 3  | #![cfg_attr(test, deny(warnings))]
[INFO] [stdout]    |                        ^^^^^^^^
[INFO] [stdout]    = note: `#[deny(dead_code)]` implied by `#[deny(warnings)]`
[INFO] [stdout] 
[INFO] [stdout] 
[INFO] [stdout] error: aborting due to previous error
[INFO] [stdout] 
[INFO] [stdout] 
[INFO] [stderr] error: build failed
[INFO] running `Command { std: "docker" "inspect" "333475951d76c0f33b46dab1a478a8e32d51611c16be59362514a046fffe0ee0", kill_on_drop: false }`
[INFO] running `Command { std: "docker" "rm" "-f" "333475951d76c0f33b46dab1a478a8e32d51611c16be59362514a046fffe0ee0", kill_on_drop: false }`
[INFO] [stdout] 333475951d76c0f33b46dab1a478a8e32d51611c16be59362514a046fffe0ee0
